{"id":17,"date":"2021-06-22T19:52:30","date_gmt":"2021-06-22T19:52:30","guid":{"rendered":"https:\/\/sikkfoto.hu\/?page_id=17"},"modified":"2023-03-18T23:10:09","modified_gmt":"2023-03-18T23:10:09","slug":"kapcsolat","status":"publish","type":"page","link":"https:\/\/sikkfoto.hu\/index.php\/kapcsolat\/","title":{"rendered":"Kapcsolat"},"content":{"rendered":"[et_pb_section admin_label=&#8221;section&#8221;]\n\t\t\t[et_pb_row admin_label=&#8221;row&#8221;]\n\t\t\t\t[et_pb_column type=&#8221;4_4&#8243;][et_pb_text admin_label=&#8221;Text&#8221;]\n<figure class=\"wp-block-image size-large is-resized\"><img loading=\"lazy\" decoding=\"async\" src=\"https:\/\/sikkfoto.hu\/wp-content\/uploads\/2021\/06\/SikkFoto.jpg\" alt=\"\" class=\"wp-image-10\" width=\"210\" height=\"210\"\/><\/figure>\n\n\n\n<p class=\"has-medium-font-size\"><em><strong>Sub\u00e1n\u00e9 Kiss Krisztina<\/strong><\/em><\/p>\n\n\n\n<p class=\"has-medium-font-size\"><em>Tel.: \/70\/ 337 2852<br>E-mail:\u00a0<a href=\"mailto:sikkfoto@sikkfoto.hu\" target=\"_blank\" rel=\"noreferrer noopener\">sikkfoto@sikkfoto.hu<\/a><\/em><\/p>\n\n\n\n<div class=\"wp-block-contact-form-7-contact-form-selector\">\n<div class=\"wpcf7 no-js\" id=\"wpcf7-f4-o1\" lang=\"hu-HU\" dir=\"ltr\">\n<div class=\"screen-reader-response\"><p role=\"status\" aria-live=\"polite\" aria-atomic=\"true\"><\/p> <ul><\/ul><\/div>\n<form action=\"\/index.php\/wp-json\/wp\/v2\/pages\/17#wpcf7-f4-o1\" method=\"post\" class=\"wpcf7-form init\" aria-label=\"Kapcsolatfelv\u00e9teli \u0171rlap\" novalidate=\"novalidate\" data-status=\"init\">\n<div style=\"display: none;\">\n<input type=\"hidden\" name=\"_wpcf7\" value=\"4\" \/>\n<input type=\"hidden\" name=\"_wpcf7_version\" value=\"5.7.4\" \/>\n<input type=\"hidden\" name=\"_wpcf7_locale\" value=\"hu_HU\" \/>\n<input type=\"hidden\" name=\"_wpcf7_unit_tag\" value=\"wpcf7-f4-o1\" \/>\n<input type=\"hidden\" name=\"_wpcf7_container_post\" value=\"0\" \/>\n<input type=\"hidden\" name=\"_wpcf7_posted_data_hash\" value=\"\" \/>\n<\/div>\n<p><label> N\u00e9v<br \/>\n<span class=\"wpcf7-form-control-wrap\" data-name=\"your-name\"><input size=\"40\" class=\"wpcf7-form-control wpcf7-text wpcf7-validates-as-required\" aria-required=\"true\" aria-invalid=\"false\" value=\"\" type=\"text\" name=\"your-name\" \/><\/span> <\/label>\n<\/p>\n<p><label> E-mail c\u00edm<br \/>\n<span class=\"wpcf7-form-control-wrap\" data-name=\"your-email\"><input size=\"40\" class=\"wpcf7-form-control wpcf7-text wpcf7-email wpcf7-validates-as-required wpcf7-validates-as-email\" aria-required=\"true\" aria-invalid=\"false\" value=\"\" type=\"email\" name=\"your-email\" \/><\/span> <\/label>\n<\/p>\n<p><label> T\u00e1rgy<br \/>\n<span class=\"wpcf7-form-control-wrap\" data-name=\"your-subject\"><input size=\"40\" class=\"wpcf7-form-control wpcf7-text wpcf7-validates-as-required\" aria-required=\"true\" aria-invalid=\"false\" value=\"\" type=\"text\" name=\"your-subject\" \/><\/span> <\/label>\n<\/p>\n<p><label> \u00dczenet (nem k\u00f6telez\u0151)<br \/>\n<span class=\"wpcf7-form-control-wrap\" data-name=\"your-message\"><textarea cols=\"40\" rows=\"10\" class=\"wpcf7-form-control wpcf7-textarea\" aria-invalid=\"false\" name=\"your-message\"><\/textarea><\/span> <\/label>\n<\/p>\n<p><input class=\"wpcf7-form-control has-spinner wpcf7-submit\" type=\"submit\" value=\"Bek\u00fcld\u00e9s\" \/>\n<\/p><div class=\"wpcf7-response-output\" aria-hidden=\"true\"><\/div>\n<\/form>\n<\/div>\n<\/div>\n[\/et_pb_text][\/et_pb_column]\n\t\t\t[\/et_pb_row]\n\t\t[\/et_pb_section]","protected":false},"excerpt":{"rendered":"<p>Sub\u00e1n\u00e9 Kiss Krisztina Tel.: \/70\/ 337 2852E-mail:\u00a0sikkfoto@sikkfoto.hu \n<div class=\"wpcf7 no-js\" id=\"wpcf7-f4-o2\" lang=\"hu-HU\" dir=\"ltr\">\n<div class=\"screen-reader-response\"><p role=\"status\" aria-live=\"polite\" aria-atomic=\"true\"><\/p> <ul><\/ul><\/div>\n<form action=\"\/index.php\/wp-json\/wp\/v2\/pages\/17#wpcf7-f4-o2\" method=\"post\" class=\"wpcf7-form init\" aria-label=\"Kapcsolatfelv\u00e9teli \u0171rlap\" novalidate=\"novalidate\" data-status=\"init\">\n<div style=\"display: none;\">\n<input type=\"hidden\" name=\"_wpcf7\" value=\"4\" \/>\n<input type=\"hidden\" name=\"_wpcf7_version\" value=\"5.7.4\" \/>\n<input type=\"hidden\" name=\"_wpcf7_locale\" value=\"hu_HU\" \/>\n<input type=\"hidden\" name=\"_wpcf7_unit_tag\" value=\"wpcf7-f4-o2\" \/>\n<input type=\"hidden\" name=\"_wpcf7_container_post\" value=\"0\" \/>\n<input type=\"hidden\" name=\"_wpcf7_posted_data_hash\" value=\"\" \/>\n<\/div>\n<p><label> N\u00e9v<br \/>\n<span class=\"wpcf7-form-control-wrap\" data-name=\"your-name\"><input size=\"40\" class=\"wpcf7-form-control wpcf7-text wpcf7-validates-as-required\" aria-required=\"true\" aria-invalid=\"false\" value=\"\" type=\"text\" name=\"your-name\" \/><\/span> <\/label>\n<\/p>\n<p><label> E-mail c\u00edm<br \/>\n<span class=\"wpcf7-form-control-wrap\" data-name=\"your-email\"><input size=\"40\" class=\"wpcf7-form-control wpcf7-text wpcf7-email wpcf7-validates-as-required wpcf7-validates-as-email\" aria-required=\"true\" aria-invalid=\"false\" value=\"\" type=\"email\" name=\"your-email\" \/><\/span> <\/label>\n<\/p>\n<p><label> T\u00e1rgy<br \/>\n<span class=\"wpcf7-form-control-wrap\" data-name=\"your-subject\"><input size=\"40\" class=\"wpcf7-form-control wpcf7-text wpcf7-validates-as-required\" aria-required=\"true\" aria-invalid=\"false\" value=\"\" type=\"text\" name=\"your-subject\" \/><\/span> <\/label>\n<\/p>\n<p><label> \u00dczenet (nem k\u00f6telez\u0151)<br \/>\n<span class=\"wpcf7-form-control-wrap\" data-name=\"your-message\"><textarea cols=\"40\" rows=\"10\" class=\"wpcf7-form-control wpcf7-textarea\" aria-invalid=\"false\" name=\"your-message\"><\/textarea><\/span> <\/label>\n<\/p>\n<p><input class=\"wpcf7-form-control has-spinner wpcf7-submit\" type=\"submit\" value=\"Bek\u00fcld\u00e9s\" \/>\n<\/p><div class=\"wpcf7-response-output\" aria-hidden=\"true\"><\/div>\n<\/form>\n<\/div>\n<\/p>\n","protected":false},"author":1,"featured_media":0,"parent":0,"menu_order":0,"comment_status":"closed","ping_status":"closed","template":"","meta":{"_et_pb_use_builder":"on","_et_pb_old_content":"<!-- wp:image {\"id\":10,\"width\":210,\"height\":210,\"sizeSlug\":\"large\",\"linkDestination\":\"none\"} -->\n<figure class=\"wp-block-image size-large is-resized\"><img src=\"https:\/\/sikkfoto.hu\/wp-content\/uploads\/2021\/06\/SikkFoto.jpg\" alt=\"\" class=\"wp-image-10\" width=\"210\" height=\"210\"\/><\/figure>\n<!-- \/wp:image -->\n\n<!-- wp:paragraph {\"fontSize\":\"medium\"} -->\n<p class=\"has-medium-font-size\"><em><strong>Sub\u00e1n\u00e9 Kiss Krisztina<\/strong><\/em><\/p>\n<!-- \/wp:paragraph -->\n\n<!-- wp:paragraph {\"fontSize\":\"medium\"} -->\n<p class=\"has-medium-font-size\"><em>Tel.: \/70\/ 337 2852<br>E-mail:\u00a0<a href=\"mailto:sikkfoto@sikkfoto.hu\" target=\"_blank\" rel=\"noreferrer noopener\">sikkfoto@sikkfoto.hu<\/a><\/em><\/p>\n<!-- \/wp:paragraph -->\n\n<!-- wp:contact-form-7\/contact-form-selector {\"id\":4,\"title\":\"1 kapcsolatfelv\u00e9tei \u0171rlap\"} -->\n<div class=\"wp-block-contact-form-7-contact-form-selector\">[contact-form-7 id=\"4\" title=\"1 kapcsolatfelv\u00e9tei \u0171rlap\"]<\/div>\n<!-- \/wp:contact-form-7\/contact-form-selector -->","_et_gb_content_width":"","footnotes":""},"class_list":["post-17","page","type-page","status-publish","hentry"],"yoast_head":"<!-- This site is optimized with the Yoast SEO plugin v20.3 - https:\/\/yoast.com\/wordpress\/plugins\/seo\/ -->\n<title>Kapcsolat - Sikk fot\u00f3 \u00e9s m\u00e9dia<\/title>\n<meta name=\"robots\" content=\"noindex, follow\" \/>\n<meta property=\"og:locale\" content=\"hu_HU\" \/>\n<meta property=\"og:type\" content=\"article\" \/>\n<meta property=\"og:title\" content=\"Kapcsolat - Sikk fot\u00f3 \u00e9s m\u00e9dia\" \/>\n<meta property=\"og:description\" content=\"Sub\u00e1n\u00e9 Kiss Krisztina Tel.: \/70\/ 337 2852E-mail:\u00a0sikkfoto@sikkfoto.hu\" \/>\n<meta property=\"og:url\" content=\"https:\/\/sikkfoto.hu\/index.php\/kapcsolat\/\" \/>\n<meta property=\"og:site_name\" content=\"Sikk fot\u00f3 \u00e9s m\u00e9dia\" \/>\n<meta property=\"article:publisher\" content=\"https:\/\/www.facebook.com\/sikk.fotoesmedia\" \/>\n<meta property=\"article:modified_time\" content=\"2023-03-18T23:10:09+00:00\" \/>\n<meta property=\"og:image\" content=\"https:\/\/sikkfoto.hu\/wp-content\/uploads\/2021\/06\/SikkFoto.jpg\" \/>\n<meta name=\"twitter:card\" content=\"summary_large_image\" \/>\n<meta name=\"twitter:label1\" content=\"Becs\u00fclt olvas\u00e1si id\u0151\" \/>\n\t<meta name=\"twitter:data1\" content=\"1 perc\" \/>\n<script type=\"application\/ld+json\" class=\"yoast-schema-graph\">{\"@context\":\"https:\/\/schema.org\",\"@graph\":[{\"@type\":\"WebPage\",\"@id\":\"https:\/\/sikkfoto.hu\/index.php\/kapcsolat\/\",\"url\":\"https:\/\/sikkfoto.hu\/index.php\/kapcsolat\/\",\"name\":\"Kapcsolat - Sikk fot\u00f3 \u00e9s m\u00e9dia\",\"isPartOf\":{\"@id\":\"https:\/\/sikkfoto.hu\/#website\"},\"datePublished\":\"2021-06-22T19:52:30+00:00\",\"dateModified\":\"2023-03-18T23:10:09+00:00\",\"breadcrumb\":{\"@id\":\"https:\/\/sikkfoto.hu\/index.php\/kapcsolat\/#breadcrumb\"},\"inLanguage\":\"hu\",\"potentialAction\":[{\"@type\":\"ReadAction\",\"target\":[\"https:\/\/sikkfoto.hu\/index.php\/kapcsolat\/\"]}]},{\"@type\":\"BreadcrumbList\",\"@id\":\"https:\/\/sikkfoto.hu\/index.php\/kapcsolat\/#breadcrumb\",\"itemListElement\":[{\"@type\":\"ListItem\",\"position\":1,\"name\":\"Kezd\u0151lap\",\"item\":\"https:\/\/sikkfoto.hu\/\"},{\"@type\":\"ListItem\",\"position\":2,\"name\":\"Kapcsolat\"}]},{\"@type\":\"WebSite\",\"@id\":\"https:\/\/sikkfoto.hu\/#website\",\"url\":\"https:\/\/sikkfoto.hu\/\",\"name\":\"Sikk Fot\u00f3 \u00e9s M\u00e9dia\",\"description\":\"...mert a fot\u00f3z\u00e1s is lehet Sikk!\",\"publisher\":{\"@id\":\"https:\/\/sikkfoto.hu\/#organization\"},\"potentialAction\":[{\"@type\":\"SearchAction\",\"target\":{\"@type\":\"EntryPoint\",\"urlTemplate\":\"https:\/\/sikkfoto.hu\/?s={search_term_string}\"},\"query-input\":\"required name=search_term_string\"}],\"inLanguage\":\"hu\"},{\"@type\":\"Organization\",\"@id\":\"https:\/\/sikkfoto.hu\/#organization\",\"name\":\"SiKK fot\u00f3 \u00e9s m\u00e9dia\",\"url\":\"https:\/\/sikkfoto.hu\/\",\"logo\":{\"@type\":\"ImageObject\",\"inLanguage\":\"hu\",\"@id\":\"https:\/\/sikkfoto.hu\/#\/schema\/logo\/image\/\",\"url\":\"https:\/\/sikkfoto.hu\/wp-content\/uploads\/2021\/06\/SikkFoto.jpg\",\"contentUrl\":\"https:\/\/sikkfoto.hu\/wp-content\/uploads\/2021\/06\/SikkFoto.jpg\",\"width\":2048,\"height\":2048,\"caption\":\"SiKK fot\u00f3 \u00e9s m\u00e9dia\"},\"image\":{\"@id\":\"https:\/\/sikkfoto.hu\/#\/schema\/logo\/image\/\"},\"sameAs\":[\"https:\/\/www.facebook.com\/sikk.fotoesmedia\"]}]}<\/script>\n<!-- \/ Yoast SEO plugin. -->","yoast_head_json":{"title":"Kapcsolat - Sikk fot\u00f3 \u00e9s m\u00e9dia","robots":{"index":"noindex","follow":"follow"},"og_locale":"hu_HU","og_type":"article","og_title":"Kapcsolat - Sikk fot\u00f3 \u00e9s m\u00e9dia","og_description":"Sub\u00e1n\u00e9 Kiss Krisztina Tel.: \/70\/ 337 2852E-mail:\u00a0sikkfoto@sikkfoto.hu","og_url":"https:\/\/sikkfoto.hu\/index.php\/kapcsolat\/","og_site_name":"Sikk fot\u00f3 \u00e9s m\u00e9dia","article_publisher":"https:\/\/www.facebook.com\/sikk.fotoesmedia","article_modified_time":"2023-03-18T23:10:09+00:00","og_image":[{"url":"https:\/\/sikkfoto.hu\/wp-content\/uploads\/2021\/06\/SikkFoto.jpg"}],"twitter_card":"summary_large_image","twitter_misc":{"Becs\u00fclt olvas\u00e1si id\u0151":"1 perc"},"schema":{"@context":"https:\/\/schema.org","@graph":[{"@type":"WebPage","@id":"https:\/\/sikkfoto.hu\/index.php\/kapcsolat\/","url":"https:\/\/sikkfoto.hu\/index.php\/kapcsolat\/","name":"Kapcsolat - Sikk fot\u00f3 \u00e9s m\u00e9dia","isPartOf":{"@id":"https:\/\/sikkfoto.hu\/#website"},"datePublished":"2021-06-22T19:52:30+00:00","dateModified":"2023-03-18T23:10:09+00:00","breadcrumb":{"@id":"https:\/\/sikkfoto.hu\/index.php\/kapcsolat\/#breadcrumb"},"inLanguage":"hu","potentialAction":[{"@type":"ReadAction","target":["https:\/\/sikkfoto.hu\/index.php\/kapcsolat\/"]}]},{"@type":"BreadcrumbList","@id":"https:\/\/sikkfoto.hu\/index.php\/kapcsolat\/#breadcrumb","itemListElement":[{"@type":"ListItem","position":1,"name":"Kezd\u0151lap","item":"https:\/\/sikkfoto.hu\/"},{"@type":"ListItem","position":2,"name":"Kapcsolat"}]},{"@type":"WebSite","@id":"https:\/\/sikkfoto.hu\/#website","url":"https:\/\/sikkfoto.hu\/","name":"Sikk Fot\u00f3 \u00e9s M\u00e9dia","description":"...mert a fot\u00f3z\u00e1s is lehet Sikk!","publisher":{"@id":"https:\/\/sikkfoto.hu\/#organization"},"potentialAction":[{"@type":"SearchAction","target":{"@type":"EntryPoint","urlTemplate":"https:\/\/sikkfoto.hu\/?s={search_term_string}"},"query-input":"required name=search_term_string"}],"inLanguage":"hu"},{"@type":"Organization","@id":"https:\/\/sikkfoto.hu\/#organization","name":"SiKK fot\u00f3 \u00e9s m\u00e9dia","url":"https:\/\/sikkfoto.hu\/","logo":{"@type":"ImageObject","inLanguage":"hu","@id":"https:\/\/sikkfoto.hu\/#\/schema\/logo\/image\/","url":"https:\/\/sikkfoto.hu\/wp-content\/uploads\/2021\/06\/SikkFoto.jpg","contentUrl":"https:\/\/sikkfoto.hu\/wp-content\/uploads\/2021\/06\/SikkFoto.jpg","width":2048,"height":2048,"caption":"SiKK fot\u00f3 \u00e9s m\u00e9dia"},"image":{"@id":"https:\/\/sikkfoto.hu\/#\/schema\/logo\/image\/"},"sameAs":["https:\/\/www.facebook.com\/sikk.fotoesmedia"]}]}},"_links":{"self":[{"href":"https:\/\/sikkfoto.hu\/index.php\/wp-json\/wp\/v2\/pages\/17","targetHints":{"allow":["GET"]}}],"collection":[{"href":"https:\/\/sikkfoto.hu\/index.php\/wp-json\/wp\/v2\/pages"}],"about":[{"href":"https:\/\/sikkfoto.hu\/index.php\/wp-json\/wp\/v2\/types\/page"}],"author":[{"embeddable":true,"href":"https:\/\/sikkfoto.hu\/index.php\/wp-json\/wp\/v2\/users\/1"}],"replies":[{"embeddable":true,"href":"https:\/\/sikkfoto.hu\/index.php\/wp-json\/wp\/v2\/comments?post=17"}],"version-history":[{"count":3,"href":"https:\/\/sikkfoto.hu\/index.php\/wp-json\/wp\/v2\/pages\/17\/revisions"}],"predecessor-version":[{"id":152,"href":"https:\/\/sikkfoto.hu\/index.php\/wp-json\/wp\/v2\/pages\/17\/revisions\/152"}],"wp:attachment":[{"href":"https:\/\/sikkfoto.hu\/index.php\/wp-json\/wp\/v2\/media?parent=17"}],"curies":[{"name":"wp","href":"https:\/\/api.w.org\/{rel}","templated":true}]}}